
Let o(q) = -11*q - 29. Give o(-2).
-7
Let p(y) = y**2 - 6*y - 35. What is p(11)?
20
Let m(r) = -118*r - 707. Determine m(-6).
1
Let y(t) = -2*t + 1. Give y(3).
-5
Let v(r) = -r**2 - 19*r - 69. Determine v(-14).
1
Let m(j) = j**3 - 15*j**2 + 16*j - 6. Give m(14).
22
Let f(n) = -2*n**2 + 2*n - 1. What is f(6)?
-61
Let b(d) = -d**2 - 3. Give b(0).
-3
Let k(f) = f**2 - 6*f - 8. What is k(8)?
8
Let c(g) = -22*g - 3. Determine c(-3).
63
Let t(c) = -2*c**3 - 24*c**2 + c + 13. Calculate t(-12).
1
Let x(w) = -13*w**3 - 2*w**2 - 2*w - 1. Give x(-1).
12
Let t(i) = 2*i - 8. Determine t(-5).
-18
Let c(s) = s**2 + 6*s - 8. Calculate c(-9).
19
Let r(p) = p**2 - 8*p - 5. Determine r(9).
4
Let y(q) = 7*q**3 - 7*q**2 + 11*q - 5. Give y(2).
45
Let q(l) = l - 13. Determine q(15).
2
Let o(a) = -79*a - 5. Calculate o(-1).
74
Let z(b) = -2*b. Calculate z(-7).
14
Let z(x) = 3*x**2 + 4*x - 1. What is z(-4)?
31
Let f(q) = q**3 - 7*q**2 - 25*q + 16. Calculate f(11).
225
Let q(f) = f**3 + 7*f**2 + 4*f - 5. Determine q(-4).
27
Let o(w) = 3*w**2 + 115*w + 18. What is o(-38)?
-20
Let r(t) = t**2 - 22*t + 35. Give r(16).
-61
Let c(t) = -2*t**3 + 6*t**2 - 6*t + 1. Calculate c(3).
-17
Let o(x) = x**2 + 11*x. What is o(-11)?
0
Let b(a) = a**2 + 11*a + 12. Calculate b(-12).
24
Let k(u) = u**3 + 47*u**2 - 205*u - 38. What is k(-51)?
13
Let j(m) = m**3 - 7*m**2 + 7*m - 5. Determine j(5).
-20
Let f(v) = -v**2 - 2*v + 16. Determine f(-6).
-8
Let u(n) = -4*n - 1. Calculate u(1).
-5
Let z(n) = -n**3 - 6*n**2 - 8*n - 8. Determine z(-6).
40
Let a(n) = -46*n + 124. Calculate a(3).
-14
Let t(q) = 7*q**3 - 2*q**2 + 2*q - 1. Give t(1).
6
Let j(f) = -10*f - 5. Calculate j(-3).
25
Let r(p) = 3*p**3 + 18*p**2 + 2*p + 9. Calculate r(-6).
-3
Let h(r) = r**3 - 17*r**2 + 51*r - 8. Give h(13).
-21
Let y(p) = 2*p + 2. What is y(4)?
10
Let u(d) = -23*d**3 - 2*d + 2. What is u(1)?
-23
Let y(s) = s**2 + 10*s + 18. What is y(-8)?
2
Let o(v) = -v + 9. Give o(12).
-3
Let g(i) = 20*i - 3. Give g(-3).
-63
Let c(g) = g**3 + 10*g**2 - 7*g + 48. Determine c(-11).
4
Let q(o) = o**3 - 6*o**2 + 5*o - 8. Give q(4).
-20
Let v(t) = -t**2 + 10. Determine v(0).
10
Let o(v) = -12*v**2 - v + 1. What is o(1)?
-12
Let a(m) = -4*m - 81. Determine a(-9).
-45
Let x(a) = -11*a - 71. What is x(-6)?
-5
Let m(b) = -b**2 + 37*b - 221. Determine m(30).
-11
Let r(c) = -5*c - 62. Calculate r(-12).
-2
Let r(l) = -l**2 - 16*l + 19. Give r(-13).
58
Let b(i) = -i**2 + 8*i + 82. What is b(-6)?
-2
Let w(k) = -k**2 + 17*k + 8. Determine w(17).
8
Let l(x) = x**3 - 11*x**2 + 10*x - 4. Calculate l(10).
-4
Let c(i) = -i**2 - 9*i + 4. What is c(-7)?
18
Let i(m) = m**3 - 3*m**2 + 7*m + 2. Determine i(3).
23
Let i(q) = 4*q. Give i(-8).
-32
Let v(a) = a - 23. Calculate v(18).
-5
Let u(p) = p**2 + 3*p + 33. What is u(0)?
33
Let x(s) = -2*s**2 + s + 27. What is x(-4)?
-9
Let i(t) = t**3 - 21*t**2 + 21*t - 13. Calculate i(20).
7
Let c(n) = -n**2 + 50*n + 48. Give c(51).
-3
Let h(m) = 21*m - 155. Determine h(7).
-8
Let r(b) = -b**2 + 19*b - 58. Give r(13).
20
Let g(l) = l**2 + 6*l - 12. What is g(0)?
-12
Let r(t) = t**2 + 13*t + 47. What is r(-11)?
25
Let w(n) = 9*n + 8. Calculate w(-4).
-28
Let n(d) = -d - 13. Calculate n(10).
-23
Let i(h) = 3*h**2 + 13*h - 30. Give i(3).
36
Let i(k) = 10*k - 30. Determine i(3).
0
Let z(k) = 2*k - 10. Calculate z(-2).
-14
Let p(k) = -6*k + 32. Determine p(-9).
86
Let v(r) = -2*r**3 - 34*r**2 - 2*r - 36. What is v(-17)?
-2
Let g(h) = 2*h**2 - 12*h + 2. Give g(9).
56
Let j(g) = -59*g - 2. Calculate j(1).
-61
Let r(g) = -g**2 - 59*g + 113. What is r(-61)?
-9
Let m(i) = -2*i - 12. What is m(-9)?
6
Let m(g) = -g**3 - 10*g**2 - 13*g - 1. Give m(-6).
-67
Let f(c) = c**2 - 7*c + 40. What is f(8)?
48
Let k(h) = 20*h - 22. Calculate k(10).
178
Let s(f) = f**2 - 10*f + 16. Give s(2).
0
Let c(s) = 4*s**3 + s**2 - 61*s + 61. Determine c(1).
5
Let t(u) = -u**2 - 31*u + 44. Calculate t(-29).
102
Let w(j) = j**2 - 6*j + 6. Calculate w(6).
6
Let v(c) = 2*c**3 - 5*c**2 - 3*c + 9. Give v(4).
45
Let h(l) = 3*l + 2. Calculate h(-6).
-16
Let i(q) = -5*q - 2. Calculate i(-4).
18
Let r(b) = b**3 + 13*b**2 - b - 13. Calculate r(-13).
0
Let s(u) = u**2 + 10*u + 3. Calculate s(-10).
3
Let a(d) = -d - 11. Determine a(-12).
1
Let o(n) = 4*n**3 - 39*n**2 - 7*n - 30. Give o(10).
0
Let r(a) = a**3 - 26*a**2 - 58*a + 52. Determine r(28).
-4
Let b(a) = -a**3 - 4*a**2 - a + 2. What is b(-3)?
-4
Let j(w) = -w**2 + 16*w + 96. Give j(21).
-9
Let h(w) = w**2 + 16*w + 15. Calculate h(-14).
-13
Let n(f) = -f**3 - 9*f**2 + 2*f + 10. Give n(-9).
-8
Let p(f) = -f**3 - 7*f**2 + 3*f - 3. Determine p(-8).
37
Let v(n) = -2*n + 18. Calculate v(9).
0
Let s(o) = -o**3 + 10*o**2 - 13*o - 22. What is s(8)?
2
Let m(n) = -2*n + 26. What is m(12)?
2
Let m(a) = -3*a - 9. Calculate m(12).
-45
Let r(y) = -y**2 + 19*y + 85. Determine r(23).
-7
Let j(k) = -k**3 - k**2 - 3*k - 23. Give j(0).
-23
Let n(w) = -2*w - 9. What is n(-8)?
7
Let y(q) = 4*q - 7. Give y(3).
5
Let g(i) = -5*i**2 + 5*i + 6. Give g(-1).
-4
Let s(k) = -2*k**2 + 16*k - 14. Give s(6).
10
Let p(b) = b**3 - 6*b**2 + 2*b - 4. Calculate p(6).
8
Let p(a) = 12*a**3 - 47*a**2 - 3*a + 1. Determine p(4).
5
Let c(i) = 3*i - 16. Give c(5).
-1
Let f(g) = 4*g + 1. Calculate f(-1).
-3
Let n(d) = -2*d**2 - 19*d + 7. Determine n(-8).
31
Let y(b) = -2*b**3 - 12*b**2 - 9*b - 4. Give y(-5).
-9
Let t(a) = a**2 + a - 6. Determine t(-5).
14
Let q(o) = 9*o - 140. Determine q(15).
-5
Let l(w) = -2*w + 68. What is l(30)?
8
Let o(w) = w**3 - w**2 - 9. What is o(0)?
-9
Let s(p) = p**2 + 7*p + 4. Give s(-7).
4
Let p(k) = 3*k**3 - 38*k**2 + 25*k - 9. Calculate p(12).
3
Let q(g) = 2*g + 1. What is q(1)?
3
Let q(k) = -3*k**2 - 2. Give q(-1).
-5
Let f(a) = 9*a - 82. Calculate f(9).
-1
Let i(w) = -w**3 + 6*w**2 + 7*w - 7. Determine i(7).
-7
Let x(k) = -2*k - 24. Determine x(13).
-50
Let k(r) = -13*r**3 + r**2 - 1. Determine k(-1).
13
Let f(x) = 15*x + 18. Give f(-1).
3
Let h(l) = -2*l. What is h(-3)?
6
Let o(u) = -u**2 + 2*u + 22. Determine o(9).
-41
Let r(a) = 2*a - 26. Calculate r(14).
2
Let h(t) = -t**2 + 16. What is h(-7)?
-33
Let f(v) = -7*v - 17. Give f(-2).
-3
Let w(v) = v**3 - 3*v**2 + 8*v - 8. Determine w(4).
40
Let b(p) = -16*p + 158. Give b(13).
-50
Let d(p) = -2*p - 1. Determine d(3).
-7
Let g(a) = 2*a**2 + 6*a - 91. Determine g(-8).
-11
Let n(f) = -f**2 - 10*f + 4. Give n(-10).
4
Let x(u) = -u**3 - 3*u**2 + 5*u + 1. Calculate x(-4).
-3
Let i(q) = -2*q - 8. Determine i(-4).
0
Let j(m) = -2*m + 19. Determine j(9).
1
Let q(h) = -2*h + 8. Give q(-7).
22
Let h(m) = -4*m + 3. Calculate h(-1).
7
Let v(q) = q**3 + 13*q**2 + 4*q - 77. What is v(-12)?
19
Let m(c) = c**2 - 5*c - 75. Calculate m(11).
-9
Let j(d) = 2*d**2 + 31*d - 8. What is j(-16)?
8
Let b(i) = -i**2 + 3*i + 11. What is b(-3)?
-7
Let h(r) = r**2 + 16*r - 4. Calculate h(-15).
-19
Let d(l) = 9*l**3 - l**2 - 3*l + 3. What is d(1)?
8
Let m(w) = w**2 - 14*w + 13. Give m(12).
-11
Let d(x) = 7*x - 36. Calculate d(4).
-8
Let v(m) = -m - 48. What is v(-6)?
-42
Let c(f) = f**2 + 23*f + 31. Give c(-20).
-29
Let v(y) = -3*y - 3. Give v(-3).
6
Let y(r) = -8*r + 27. What is y(3)?
3
Let h(r) = r**3 - 5*r**2 + 7*r. Determine h(5).
35
Let x(q) = 20*q**2 - 2*q - 1. What is x(-1)?
21
Let g(q) = -21*q + 471. What is g(23)?
-12
Let f(p) = -p**3 - p**2 + 2*p - 1. Calculate f(2).
-9
Let u(a) = a**3 + 2*a**2 - 2. What is u(3)?
43
Let o(i) = i**2 + 8*i - 13. What is o(-9)?
-4
Let w(r) = -r**2 + 23*r - 75. What is w(17)?
27
Let v(p) = 3*p**3 + p**2 - 3*p + 2. Determine v(1).
3
Let u(h) = 11*h**2 - 176*h - 3. Determine u(16).
-3
Let i(b) = 36*b + 249. Give i(-7).
-3
Let m(o) = -o - 8. Calculate m(-7).
-1
Let p(v) = 6*v + 126. Give p(-19).
12
Let w(k) = k - 65. Determine w(0).
-65
Let u(v) = -8*v**3 - 3*v - 4. Determine u(-1).
7
Let u(z) = z**2 + z - 17. Give u(0).
-17
Let k(m) = m**3 + 5*m**2 - 2*m + 9. Determine k(-6).
-15
Let x(c) = c**3 - 3*c**2 - 3*c + 1. Give x(-3).
-44
Let s(f) = 3*f + 8. Calculate s(3).
17
Let t(d) = -d**3 + 4*d**2 + d + 4. What is t(4)?
8
Let r(m) = 11*m - 14. Calculate r(5).
41
Let d(k) = 16*k - 78. What is d(5)?
2
Let m(p) = p**3 + 7*p**2 + 4*p + 21. What is m(-7)?
-7
Let m(w) = 22*w**2 + 14*w - 13. Give m(1).
23
Let n(s) = -s**2 - 2*s - 1. What is n(3)?
-16
Let r(d) = 